 and 15.
15
Suppose -d + 3 = 5*n, 3*d + 3*n = -1 + 10. Let u = d + 46. Suppose 2*k - 2*x = 4, k + x = 6*x - 18. What is the greatest common factor of k and u?
7
Suppose 2*j = j - 3, -4*i + 2*j = -22. Suppose 57 = 5*n - 2*n. Let v = n - 3. What is the greatest common divisor of v and i?
4
Let g(x) = x**3 + 8*x**2 - 8*x + 11. Let d be g(-9). Let t be (-175)/(-10) + (-1)/d. Calculate the highest common divisor of t and 136.
17
Suppose -b + 54 = 4*x, 19 = 2*x - 2*b - 13. Let d = -6 + 10. Suppose 0 = 3*i + 4*z - 2*z - 8, d = 4*i - 4*z. What is the greatest common divisor of i and x?
2
Suppose 0 = 3*u + 6, 12 = 2*m + 2*u + 34. Let s(t) = t**2 + 8*t - 4. Let n be s(m). Let v = -1 + 6. What is the highest common factor of v and n?
5
Let q(m) = 5*m**2 - 3*m + 4. Let y be q(-4). What is the greatest common factor of y and 12?
12
Let s = 4 + 60. Calculate the greatest common factor of s and 8.
8
Let t(y) = -y**2 + y. Let z(i) = i**2 - 9*i. Let x be z(9). Let d be t(x). Suppose d = 5*p - 20. What is the greatest common divisor of 4 and p?
4
Let w(p) = 226*p**2 - p - 2. Let c be w(-1). What is the highest common divisor of c and 25?
25
Suppose -5*b + 9 = 3*y, b + 6 = -0*b + 2*y. Suppose b = -v + 3*v + 6. Let l be (1 - (-20)/(-6))*v. Calculate the greatest common divisor of l and 56.
7
Suppose 5*p + 2 = 2*s + p, 0 = -p + 5. Suppose -s*w = -6*w - 20. What is the greatest common factor of w and 4?
4
Suppose -235 = -5*g + 5*d, -5*g + d - 69 + 308 = 0. Suppose -o - g = o. Let b = o + 134. What is the greatest common divisor of 10 and b?
10
Suppose 3*x = 8 - 2. Suppose -28 = -4*b + x*c, -3*b + 19 = -0*b - 2*c. Calculate the highest common divisor of b and 27.
9
Let o be 59 + (-3)/(-2)*-2. What is the greatest common factor of o and 14?
14
Let u = -69 + 103. What is the greatest common divisor of 17 and u?
17
Let c = 2 + -3. Let v be ((-6)/2 + 1)*c. Let j(i) = 25*i - 2. Let q be j(v). Calculate the highest common divisor of 6 and q.
6
Let i(m) be the second derivative of m**3/3 - 11*m**2/2 - 2*m. Let p be i(9). What is the highest common divisor of p and 7?
7
Suppose k + 2*k = 84. Calculate the greatest common factor of 70 and k.
14
Let q(m) = -m**2 + 6*m + 6. Let f be q(6). Suppose -2*o - 8 = -2*d - 4, -5*d + 26 = 3*o. Calculate the highest common factor of o and f.
2
Let x = 1777 - 2687. Let k be x/(-25) - (-4)/(-10). Suppose 4*j - 3*z - 25 = 0, -2 + 6 = -2*j - 4*z. What is the highest common divisor of k and j?
4
Suppose -259 = 2*j + 159. Let i = 305 + j. What is the highest common factor of 12 and i?
12
Let q(c) = 12*c + 3. Let w be 2/(-8) + 39/12. Let k be q(w). Let a(i) = i**2 + 4. Let x be a(-3). Calculate the highest common factor of k and x.
13
Let l = -21 - -26. Let b(m) = m + 1. Let v be b(0). Let h = 6 - v. Calculate the highest common factor of l and h.
5
Suppose 6*s - 76 = 2*s. Let j = s + 8. Let f be (8/12)/((-2)/(-9)). Calculate the greatest common factor of j and f.
3
Let b be 2*(-116)/(-4) - 2/(-1). What is the greatest common divisor of b and 90?
30
Suppose u - 2*u + 49 = 0. Let r be ((-1)/3)/(1/(-21)). What is the greatest common factor of u and r?
7
Suppose -4*d = -0*d - 152. Let p = 53 - d. What is the highest common factor of 6 and p?
3
Let n(j) = -j**3 - 8*j**2 - 8*j - 6. Let i be n(-6). Let l be (-1210)/i + (-2)/6. What is the greatest common factor of 100 and l?
20
Let p = 995 + -711. Suppose 3*n - 52 = p. Let i(z) = -5*z - 4. Let b be i(-4). What is the greatest common divisor of b and n?
16
Suppose 15 = -6*j - 21. Let z = 12 + j. Calculate the highest common factor of 48 and z.
6
Let j be -3 - (-4 + 3 + -3). What is the greatest common factor of 4 and j?
1
Suppose -2*p - 107 = -6*p - 3*t, -3*p = 5*t - 83. Calculate the greatest common factor of 2 and p.
2
Let d(v) = -6*v**3 + v**2 + 2*v + 2. Let k be d(-2). Suppose -325 + 405 = 4*z. Calculate the greatest common divisor of k and z.
10
Let l = -2 - -4. Suppose -192 = g - l*g. Suppose f - 3*f = -g. Calculate the greatest common divisor of f and 12.
12
Let l(c) = 2 + 0 + 0*c + 0*c + c. Let s be l(6). What is the highest common factor of s and 16?
8
Suppose 0 = -5*g - 2*l - 4, 4*g - l = 3*l + 8. Let a = g + 6. Let z = 20 + -11. What is the highest common divisor of a and z?
3
Let d = -32 - -55. Suppose v - 23 = -3*b, -4*v + 3*b = -0*v - 92. What is the greatest common divisor of v and d?
23
Suppose f - 97 = 4. Suppose 4*h - f - 7 = 0. Suppose -5*x - 2*i + 6 = -9, -4*x = 4*i - 12. Calculate the greatest common divisor of h and x.
3
Suppose -n + 2*i = n - 22, -3*n + 5*i + 35 = 0. Let y(v) = -v**2 + 11*v - 8. Let b be y(n). Calculate the greatest common divisor of b and 4.
2
Let y(d) = -d**2 - 3*d - 2. Let j be y(-6). Let f be 25/j*72/(-2). What is the greatest common divisor of 5 and f?
5
Let y be 3 + (0 - -2) + -5. Suppose y = -4*u + 13 + 15. Calculate the highest common divisor of 35 and u.
7
Suppose 4*j - 2*n = 470, -137 = -2*j - n + 92. Calculate the greatest common factor of j and 87.
29
Let j(h) = 2*h**2 - 4*h + 2. Let x be j(5). Let s(a) = a**2 - 5*a - 76. Let v be s(12). Calculate the greatest common factor of x and v.
8
Suppose -2*m + t + 128 = 0, -3*m + 0*m + 189 = -3*t. What is the greatest common factor of 5 and m?
5
Let o(r) = -r**2 + r - 40. Let j be o(0). Let g = j + 60. Calculate the highest common divisor of g and 20.
20
Let x(f) be the third derivative of f**6/10 - f**5/20 + f**4/8 - f**3/3 + 2*f**2. Let l be x(2). What is the greatest common divisor of l and 11?
11
Let p(n) be the first derivative of -n**2/2 - 2. Let m be p(-2). Suppose -m*r - 630 = -7*r. Calculate the greatest common divisor of r and 18.
18
Let t(l) = -l**2 + 12*l - 17. Let q be t(7). What is the highest common factor of q and 12?
6
Let c = -111 + 122. What is the greatest common divisor of 99 and c?
11
Let y(k) = -3*k - 4*k + 3*k + 2*k - 1. Let n be y(-2). What is the highest common divisor of 6 and n?
3
Let a = 12 - -3. What is the greatest common divisor of 20 and a?
5
Suppose 0 = -b + 5*v - 17, v - 3*v + 20 = 4*b. Suppose x + 2*x = -t + 10, -b*x + 2*t = 2. What is the greatest common divisor of x and 1?
1
Let o be (45/10)/((-2)/(-72)). Calculate the highest common factor of o and 18.
18
Let f(n) = n**3 + 8*n**2 + 6. Let l be f(-8). What is the greatest common divisor of 66 and l?
6
Let j = 8 - 7. What is the highest common divisor of 4 and j?
1
Let z = 22 - 2. Suppose -25 + 7 = -3*l. Suppose -l*r + r + 150 = 0. Calculate the highest common divisor of z and r.
10
Let w(h) = 5*h - 14. Let k be w(5). Let f = 1 - 0. Calculate the greatest common divisor of k and f.
1
Let d be ((-9)/3 - -6)*3. Calculate the greatest common divisor of 18 and d.
9
Let q(f) = -f**3 + f**2 + 3*f + 2. Let i be q(-2). Let m(l) = l. Let h be m(i). Let b be (-1)/(((-2)/2)/1). What is the greatest common factor of b and h?
1
Let o = -8 + 6. Let t be (-1)/(o/54) - 2. Suppose -2 = -3*q + t. Calculate the highest common divisor of q and 81.
9
Let x(v) = v**2 - 2*v + 1. Let l be x(3). Let a be l/10 + (-534)/(-15). Calculate the greatest common factor of 12 and a.
12
Suppose -59 + 15 = -3*s - 2*m, -4*m + 56 = 4*s. Calculate the highest common divisor of 56 and s.
8
Let v(b) = b - 7. Let z be v(8). Let c = 18 + -14. Let i(n) = -n**2 + 5*n + 1. Let d be i(c). Calculate the greatest common divisor of z and d.
1
Let z(j) = 7*j + 5. Let m(f) = 8*f + 6. Let i(k) = -5*m(k) + 6*z(k). Let t be i(2). Suppose -2*u + 64 + 0 = 0. What is the greatest common divisor of u and t?
4
Let o = -11 - -19. Let z = 11 + -7. Let t(w) = w**3 - 5*w**2 + 5*w + 4. Let h be t(z). What is the greatest common factor of o and h?
8
Suppose -5*d = 20, -5*w + 34 = -0*w + 4*d. Suppose 2*c + 100 = 4*c. Suppose 2*y = 7*y - c. Calculate the highest common divisor of y and w.
10
Suppose 168 = t + 3*t. Let p be 10/15 + 32/6. Calculate the highest common factor of t and p.
6
Let t(r) = 2*r + 16. Let k be t(7). Let h(c) = 6*c - 2. Let p be h(2). What is the greatest common factor of p and k?
10
Let w(j) = -j + 1. Let n = -10 + 7. Let b be w(n). Calculate the greatest common divisor of 4 and b.
4
Let x = 25 - 23. Calculate the greatest common factor of x and 10.
2
Let y(n) = -n**2 - 16*n - 18. Let u be y(-11). What is the highest common divisor of 37 and u?
37
Let g = -147 -